{"version":"1.0","provider_name":"El Mawkie","provider_url":"https:\/\/elmawkie.dz\/fr","author_name":"Hamra Fouzia","author_url":"https:\/\/elmawkie.dz\/fr\/author\/elmawkie\/","title":"Le pr\u00e9sident Tebboune pr\u00e9side un Conseil des ministres","type":"rich","width":600,"height":338,"html":"<blockquote class=\"wp-embedded-content\" data-secret=\"bUnGy9nUNM\"><a href=\"https:\/\/elmawkie.dz\/fr\/le-president-tebboune-preside-un-conseil-des-ministres\/\">Le pr\u00e9sident Tebboune pr\u00e9side un Conseil des ministres<\/a><\/blockquote><iframe sandbox=\"allow-scripts\" security=\"restricted\" src=\"https:\/\/elmawkie.dz\/fr\/le-president-tebboune-preside-un-conseil-des-ministres\/embed\/#?secret=bUnGy9nUNM\" width=\"600\" height=\"338\" title=\"\u00ab\u00a0Le pr\u00e9sident Tebboune pr\u00e9side un Conseil des ministres\u00a0\u00bb &#8212; El Mawkie\" data-secret=\"bUnGy9nUNM\" frameborder=\"0\" marginwidth=\"0\" marginheight=\"0\" scrolling=\"no\" class=\"wp-embedded-content\"><\/iframe><script type=\"text\/javascript\">\n\/* <![CDATA[ *\/\n\/*! This file is auto-generated *\/\n!function(d,l){\"use strict\";l.querySelector&&d.addEventListener&&\"undefined\"!=typeof URL&&(d.wp=d.wp||{},d.wp.receiveEmbedMessage||(d.wp.receiveEmbedMessage=function(e){var t=e.data;if((t||t.secret||t.message||t.value)&&!\/[^a-zA-Z0-9]\/.test(t.secret)){for(var s,r,n,a=l.querySelectorAll('iframe[data-secret=\"'+t.secret+'\"]'),o=l.querySelectorAll('blockquote[data-secret=\"'+t.secret+'\"]'),c=new RegExp(\"^https?:$\",\"i\"),i=0;i<o.length;i++)o[i].style.display=\"none\";for(i=0;i<a.length;i++)s=a[i],e.source===s.contentWindow&&(s.removeAttribute(\"style\"),\"height\"===t.message?(1e3<(r=parseInt(t.value,10))?r=1e3:~~r<200&&(r=200),s.height=r):\"link\"===t.message&&(r=new URL(s.getAttribute(\"src\")),n=new URL(t.value),c.test(n.protocol))&&n.host===r.host&&l.activeElement===s&&(d.top.location.href=t.value))}},d.addEventListener(\"message\",d.wp.receiveEmbedMessage,!1),l.addEventListener(\"DOMContentLoaded\",function(){for(var e,t,s=l.querySelectorAll(\"iframe.wp-embedded-content\"),r=0;r<s.length;r++)(t=(e=s[r]).getAttribute(\"data-secret\"))||(t=Math.random().toString(36).substring(2,12),e.src+=\"#?secret=\"+t,e.setAttribute(\"data-secret\",t)),e.contentWindow.postMessage({message:\"ready\",secret:t},\"*\")},!1)))}(window,document);\n\/* ]]> *\/\n<\/script>\n","thumbnail_url":"https:\/\/elmawkie.dz\/fr\/wp-content\/uploads\/2024\/06\/IMG_7448.jpeg","thumbnail_width":679,"thumbnail_height":452,"description":"\u00a0Le pr\u00e9sident de la R\u00e9publique, Chef supr\u00eame des Forces arm\u00e9es, ministre de la D\u00e9fense nationale, M. Abdelmadjid Tebboune, pr\u00e9side, dimanche, une r\u00e9union du Conseil des ministres consacr\u00e9e \u00e0 un projet de loi relatif \u00e0 la protection des personnes \u00e0 besoins sp\u00e9cifiques et \u00e0 des expos\u00e9s se rapportant \u00e0 plusieurs secteurs, indique un communiqu\u00e9 de la &hellip;"}

Le président Tebboune préside un Conseil des ministres

<blockquote class="wp-embedded-content" data-secret="bUnGy9nUNM"><a href="https://elmawkie.dz/fr/le-president-tebboune-preside-un-conseil-des-ministres/">Le président Tebboune préside un Conseil des ministres</a></blockquote><iframe sandbox="allow-scripts" security="restricted" src="https://elmawkie.dz/fr/le-president-tebboune-preside-un-conseil-des-ministres/embed/#?secret=bUnGy9nUNM" width="600" height="338" title="« Le président Tebboune préside un Conseil des ministres » &#8212; El Mawkie" data-secret="bUnGy9nUNM" frameborder="0" marginwidth="0" marginheight="0" scrolling="no" class="wp-embedded-content"></iframe><script type="text/javascript">
/* <![CDATA[ */
/*! This file is auto-generated */
!function(d,l){"use strict";l.querySelector&&d.addEventListener&&"undefined"!=typeof URL&&(d.wp=d.wp||{},d.wp.receiveEmbedMessage||(d.wp.receiveEmbedMessage=function(e){var t=e.data;if((t||t.secret||t.message||t.value)&&!/[^a-zA-Z0-9]/.test(t.secret)){for(var s,r,n,a=l.querySelectorAll('iframe[data-secret="'+t.secret+'"]'),o=l.querySelectorAll('blockquote[data-secret="'+t.secret+'"]'),c=new RegExp("^https?:$","i"),i=0;i<o.length;i++)o[i].style.display="none";for(i=0;i<a.length;i++)s=a[i],e.source===s.contentWindow&&(s.removeAttribute("style"),"height"===t.message?(1e3<(r=parseInt(t.value,10))?r=1e3:~~r<200&&(r=200),s.height=r):"link"===t.message&&(r=new URL(s.getAttribute("src")),n=new URL(t.value),c.test(n.protocol))&&n.host===r.host&&l.activeElement===s&&(d.top.location.href=t.value))}},d.addEventListener("message",d.wp.receiveEmbedMessage,!1),l.addEventListener("DOMContentLoaded",function(){for(var e,t,s=l.querySelectorAll("iframe.wp-embedded-content"),r=0;r<s.length;r++)(t=(e=s[r]).getAttribute("data-secret"))||(t=Math.random().toString(36).substring(2,12),e.src+="#?secret="+t,e.setAttribute("data-secret",t)),e.contentWindow.postMessage({message:"ready",secret:t},"*")},!1)))}(window,document);
/* ]]> */
</script>

Le président de la République, Chef suprême des Forces armées, ministre de la Défense nationale, M. Abdelmadjid Tebboune, préside, dimanche, une réunion du Conseil des ministres consacrée à un projet de loi relatif à la protection des personnes à besoins spécifiques et à des exposés se rapportant à plusieurs secteurs, indique un communiqué de la &hellip;
